{"id":121,"date":"2011-09-01T21:44:22","date_gmt":"2011-09-01T19:44:22","guid":{"rendered":"http:\/\/www.sheldon.fr\/wordpress\/?page_id=121"},"modified":"2025-09-26T13:36:17","modified_gmt":"2025-09-26T11:36:17","slug":"accueil","status":"publish","type":"page","link":"http:\/\/www.suballigators.fr\/","title":{"rendered":"Sub\u2019Alligators"},"content":{"rendered":"\n<h2 class=\"wp-block-heading\"><div class=\"eds-animate edsanimate-sis-hidden \" data-eds-entry-animation=\"slideInDown\" data-eds-entry-delay=\"0.5\" data-eds-entry-duration=\"3\" data-eds-entry-timing=\"cubic-bezier(0.175, 0.885, 0.32, 1.275)\" data-eds-exit-animation=\"\" data-eds-exit-delay=\"\" data-eds-exit-duration=\"\" data-eds-exit-timing=\"\" data-eds-repeat-count=\"1\" data-eds-keep=\"yes\" data-eds-animate-on=\"load\" data-eds-scroll-offset=\"\"><img loading=\"lazy\" decoding=\"async\" class=\"alignnone wp-image-819\" src=\"http:\/\/www.suballigators.fr\/wp-content\/uploads\/2017\/01\/logo-d\u00e9tour\u00e9-transparent-leger.png\" alt=\"\" width=\"284\" height=\"286\"\/><\/div><\/h2>\n\n\n\n<h2 class=\"wp-block-heading\">&nbsp;<\/h2>\n\n\n\n<h2 class=\"wp-block-heading\"><span style=\"color: #008aad;\"><strong>Bienvenue au club de plong\u00e9e et apn\u00e9e Sub&rsquo;Alligators de Caen<\/strong><\/span><\/h2>\n\n\n\n<p>Nous sommes un club de plong\u00e9e affili\u00e9 \u00e0 la FFESSM bas\u00e9 sur Caen et nous vous accueillons tous les lundis, mardis et mercredis soir pour un moment de d\u00e9tente dans les bassins nautiques de Caen.<br \/>Nage avec palme, formations plong\u00e9e bouteille et apn\u00e9e.<\/p>\n\n\n\n<p><\/p>\n\n\n\n<p><strong><span style=\"text-decoration: underline;\">Activit\u00e9s :<\/span><\/strong><\/p>\n\n\n\n<ul class=\"wp-block-list\">\n<li><strong>Plong\u00e9e scaphandre<\/strong> de 21h00 \u00e0 22h00 le lundi soir \u00e0 la piscine de la Gr\u00e2ce de Dieu, puis le mercredi soir au stade nautique Eug\u00e8ne Ma\u00ebs<\/li>\n<\/ul>\n\n\n\n<ul class=\"wp-block-list\">\n<li><strong>Apn\u00e9e<\/strong> <strong>tous niveaux<\/strong> le mardi soir de 20h00 \u00e0 22h00 au stade nautique Eug\u00e8ne Ma\u00ebs<\/li>\n<\/ul>\n\n\n\n<p><\/p>\n\n\n\n<ul class=\"wp-block-list\">\n<li><strong>Apn\u00e9e pour les apn\u00e9istes confirm\u00e9s<\/strong> (niveau apn\u00e9iste piscine minimum) le mercredi de 20h00 \u00e0 22h00 au stade nautique Eug\u00e8ne Ma\u00ebs<\/li>\n<\/ul>\n\n\n\n<ul class=\"wp-block-list\">\n<li><strong>Nage avec Palmes<\/strong> de 21h00 \u00e0 22h00 le lundi \u00e0 la piscine de la Gr\u00e2ce de Dieu, et le mercredi soir au stade nautique Eug\u00e8ne Ma\u00ebs, dans les bassins de 50 m ext\u00e9rieur ou 25 m couvert.<\/li>\n<\/ul>\n\n\n\n<p>Contact (plong\u00e9e scaphandre, nage avec palmes, administration) : <strong><a href=\"mailto:suballigatorscaen@gmail.com\">suballigatorscaen@gmail.com<\/a><\/strong><br \/><\/p>\n\n\n\n<p>Contact Apn\u00e9e : <a href=\"mailto:suballigatorsapnee@gmail.com\"><strong>suballigatorsapnee@gmail.com<\/strong><\/a><\/p>\n\n\n\n<p class=\"has-vivid-cyan-blue-color has-text-color has-link-color has-large-font-size wp-elements-7ae0eca25c0572ea3abac8ed4f77e5c6\"><strong>Rentr\u00e9e septembre 2025<\/strong><\/p>\n\n\n\n<p><\/p>\n\n\n\n<p>1) <strong>Reprises des activit\u00e9s pour les inscrits \u00e0 partir du mardi 9 septembre 2025 \u00e0 19h45 pour l\u2019Apn\u00e9e<br \/>au stade nautique Eug\u00e8ne Ma\u00ebs, et le 10 septembre 2025 \u00e0 20h 30 \u00e0 Eug\u00e8ne Ma\u00ebs pour la Nage avec Palmes<\/strong>.<\/p>\n\n\n\n<p><\/p>\n\n\n\n<p><\/p>\n\n\n\n<p>2)<strong> Bapt\u00eames de plong\u00e9e gratuits pour d\u00e9couvrir l&rsquo;activit\u00e9 plong\u00e9e en scaphandre, l<span style=\"text-decoration: underline;\">undi 15 et lundi 22 septembre 2025<\/span> \u00e0 la Piscine de la Gr\u00e2ce de Dieu  (62 avenue P\u00e8re Charles de Foucauld&nbsp;\u00e0 Caen) <span style=\"text-decoration: underline;\"> de 20h15 \u00e0 22h00 &#8211; Rendez-vous \u00e0 20h15 (r\u00e9serv\u00e9 aux adultes).<\/span><\/strong><\/p>\n\n\n\n<p><strong>Inscription pr\u00e9alable obligatoire<\/strong>(\u00e0 partir du 1<sup>er<\/sup> septembre 2025):<\/p>\n\n\n\n<p><\/p>\n\n\n\n<p><\/p>\n\n\n\n<p>Si difficult\u00e9s envoyez un mail \u00e0 <strong><a href=\"mailto:suballigatorscaen@gmail.com\">suballigatorscaen@gmail.com<\/a><\/strong> avec votre : nom, pr\u00e9nom, \u00e2ge, taille (XS,S,M,L,&#8230;), pointure, adresse mail, t\u00e9l portable, et en indiquant la date de la session choisie.<\/p>\n\n\n\n<p><\/p>\n\n\n\n<figure class=\"wp-block-image size-full is-resized\"><img loading=\"lazy\" decoding=\"async\" width=\"960\" height=\"720\" src=\"http:\/\/www.suballigators.fr\/wp-content\/uploads\/2018\/06\/7-1.jpg\" alt=\"\" class=\"wp-image-1368\" style=\"width:348px;height:auto\"\/><\/figure>\n\n\n\n<div class=\"wp-block-group is-nowrap is-layout-flex wp-container-core-group-is-layout-ad2f72ca wp-block-group-is-layout-flex\">\n<figure class=\"wp-block-image size-full is-resized\"><img loading=\"lazy\" decoding=\"async\" width=\"960\" height=\"720\" src=\"http:\/\/www.suballigators.fr\/wp-content\/uploads\/2018\/06\/16.jpg\" alt=\"\" class=\"wp-image-1296\" style=\"width:344px;height:auto\"\/><\/figure>\n<\/div>\n\n\n\n<p>3<strong>) S\u00e9ance de d\u00e9couverte de <span style=\"text-decoration: underline;\">l&rsquo;apn\u00e9e gratuite<\/span>, <span style=\"text-decoration: underline;\">les mardi 16 et mardi 23 septembre 2025<\/span> au Stade Nautique Eug\u00e8ne Ma\u00ebs (Boulevard Yves Guillou \u00e0 Caen) <span style=\"text-decoration: underline;\">de 20h00 \u00e0 21h00<\/span><\/strong>. <strong>Rendez-vous \u00e0 19h15 dans le hall de la piscine (r\u00e9serv\u00e9 aux adultes).<\/strong><\/p>\n\n\n\n<p><\/p>\n\n\n\n<p><strong>Inscription pr\u00e9alable obligatoire<\/strong> (\u00e0 partir du 1<sup>er<\/sup> septembre 2025) : <\/p>\n\n\n\n<p><\/p>\n\n\n\n<p>Si difficult\u00e9s envoyez un mail \u00e0 <a href=\"mailto:suballigatorsapnee@gmail.com\">suballigatorsapnee@gmail.com<\/a> avec votre : nom, pr\u00e9nom, \u00e2ge, taille (XS,S,M,L,&#8230;), pointure, adresse mail, t\u00e9l\u00e9phone portable, en indiquant la date de la session choisie.<\/p>\n\n\n\n<p><\/p>\n\n\n\n<figure class=\"wp-block-image size-full is-resized\"><img loading=\"lazy\" decoding=\"async\" width=\"1024\" height=\"768\" src=\"http:\/\/www.suballigators.fr\/wp-content\/uploads\/2025\/08\/apneistes.png\" alt=\"\" class=\"wp-image-2474\" style=\"width:344px\"\/><\/figure>\n\n\n\n<p><\/p>\n\n\n\n<p>4<strong>) Inscription<\/strong><\/p>\n\n\n\n<p>Pour vous inscrire allez sur la page <a href=\"http:\/\/www.suballigators.fr\/?page_id=870\" data-type=\"page\" data-id=\"870\">Inscription\/adh\u00e9sion<\/a> <\/p>\n\n\n\n<p>T\u00e9l\u00e9chargez le bulletin d&rsquo;inscription et le certificat de non-contre-indication \u00e0 faire remplir par le m\u00e9decin et ramenez-nous le dossier complet, \u00e0 la piscine Eug\u00e8ne Ma\u00ebs, le mercredi soir de 20h30 \u00e0 20h50, ou lors des bapt\u00eames ou s\u00e9ance d&rsquo;initiation.<\/p>\n\n\n\n<p>Vous pouvez aussi l&rsquo;envoyer \u00e0 l&rsquo;adresse postale suivante, en nous pr\u00e9venant par mail : <\/p>\n\n\n\n<p><em>Si\u00e8ge : Maison des Associations, Le 1901, 8 rue Germaine Tillon, 14000 CAEN.<\/em><\/p>\n\n\n\n<p><\/p>\n\n\n\n<p><\/p>\n\n\n\n<p><strong>Rappel Important : vous ne pourrez commencer l&rsquo;activit\u00e9 tant que vous n&rsquo;aurez pas ramen\u00e9 votre dossier complet (Fiche d&rsquo;inscription, CACI, Ch\u00e8que)<\/strong>.<\/p>\n\n\n\n<p><\/p>\n\n\n\n<h2 class=\"wp-block-heading has-text-color\" style=\"color:#e641a1\"><\/h2>\n\n\n\n<h2 class=\"wp-block-heading has-text-color\" style=\"color:#e641a1\"><\/h2>\n\n\n\n<h3 class=\"wp-block-heading has-text-color\" style=\"color:#4159e6\"><\/h3>\n\n\n\n<p><\/p>\n\n\n\n<p class=\"has-text-align-center\"><span style=\"color: #008aad;\"><a href=\"http:\/\/www.suballigators.fr\/wp-content\/uploads\/2011\/09\/DiveFlags.jpg\">Avec notre partenaire<img decoding=\"async\" class=\"n3VNCb\" src=\"https:\/\/encrypted-tbn0.gstatic.com\/images?q=tbn%3AANd9GcTkvlCU5vzM19n9lgfCBaO3H7NBTZfjftBzSw&amp;usqp=CAU\" alt=\"Laura Chevalier, Auteur \u00e0 NCI\" data-noaft=\"1\"\/><\/a><\/span><\/p>\n\n\n<div class=\"wp-block-image\">\n<figure class=\"aligncenter\"><a href=\"http:\/\/www.suballigators.fr\/wp-content\/uploads\/2011\/09\/DiveFlags.jpg\"><img loading=\"lazy\" decoding=\"async\" width=\"152\" height=\"77\" src=\"http:\/\/www.suballigators.fr\/wp-content\/uploads\/2011\/09\/nitrox_logo.gif\" alt=\"nitrox_logo\" class=\"wp-image-457\"\/><\/a><\/figure>\n<\/div>\n\n\n<p class=\"has-text-align-center\"><span style=\"color: #008aad;\"><\/span><\/p>\n\n\n<div class=\"wp-block-image\">\n<figure class=\"aligncenter\"><a href=\"http:\/\/www.suballigators.fr\/wp-content\/uploads\/2011\/09\/DiveFlags.jpg\"><img loading=\"lazy\" decoding=\"async\" width=\"250\" height=\"112\" src=\"http:\/\/www.suballigators.fr\/wp-content\/uploads\/2011\/09\/DiveFlags.jpg\" alt=\"DiveFlags\" class=\"wp-image-458\"\/><\/a><\/figure>\n<\/div>\n\n\n<p class=\"has-text-align-center\"><span style=\"color: #008aad;\">&nbsp;<\/span><\/p>\n\n\n\n<div class=\"wp-block-group is-nowrap is-layout-flex wp-container-core-group-is-layout-ad2f72ca wp-block-group-is-layout-flex\"><\/div>\n","protected":false},"excerpt":{"rendered":"<p>&nbsp; Bienvenue au club de plong\u00e9e et apn\u00e9e Sub&rsquo;Alligators de Caen Nous sommes un club de plong\u00e9e affili\u00e9 \u00e0 la FFESSM bas\u00e9 sur Caen et nous vous accueillons tous les lundis, mardis et mercredis soir pour un moment de d\u00e9tente dans les bassins nautiques de Caen.Nage avec palme, formations plong\u00e9e bouteille et apn\u00e9e. Activit\u00e9s : [&hellip;]<\/p>\n","protected":false},"author":4,"featured_media":0,"parent":0,"menu_order":0,"comment_status":"closed","ping_status":"open","template":"","meta":{"footnotes":""},"class_list":["post-121","page","type-page","status-publish","hentry"],"_links":{"self":[{"href":"http:\/\/www.suballigators.fr\/index.php?rest_route=\/wp\/v2\/pages\/121","targetHints":{"allow":["GET"]}}],"collection":[{"href":"http:\/\/www.suballigators.fr\/index.php?rest_route=\/wp\/v2\/pages"}],"about":[{"href":"http:\/\/www.suballigators.fr\/index.php?rest_route=\/wp\/v2\/types\/page"}],"author":[{"embeddable":true,"href":"http:\/\/www.suballigators.fr\/index.php?rest_route=\/wp\/v2\/users\/4"}],"replies":[{"embeddable":true,"href":"http:\/\/www.suballigators.fr\/index.php?rest_route=%2Fwp%2Fv2%2Fcomments&post=121"}],"version-history":[{"count":262,"href":"http:\/\/www.suballigators.fr\/index.php?rest_route=\/wp\/v2\/pages\/121\/revisions"}],"predecessor-version":[{"id":2523,"href":"http:\/\/www.suballigators.fr\/index.php?rest_route=\/wp\/v2\/pages\/121\/revisions\/2523"}],"wp:attachment":[{"href":"http:\/\/www.suballigators.fr\/index.php?rest_route=%2Fwp%2Fv2%2Fmedia&parent=121"}],"curies":[{"name":"wp","href":"https:\/\/api.w.org\/{rel}","templated":true}]}}